, what is -3 - -56256151?
56256145
In base 14, what is c56 + 1a?
c72
In base 16, what is -1ef52 + -89?
-1efdb
In base 5, what is -124443 - 31032?
-211030
In base 13, what is -445c72 - 9?
-445c7b
In base 5, what is -1202213004 - 2?
-1202213011
In base 16, what is c + -724b?
-723f
In base 16, what is -afe5 + -5389?
-1036e
In base 4, what is -2011233123 + -11?
-2011233200
In base 14, what is -15c + 10596?
10438
In base 16, what is 3 - 1068c7?
-1068c4
In base 5, what is 13024402 - 2241?
13022111
In base 7, what is -102551 + 166?
-102352
In base 6, what is -412 + 15002130?
15001314
In base 7, what is -52 + -1601223?
-1601305
In base 14, what is 6a2 - 40bb?
-3819
In base 2, what is -11011111 + -10010101110010010010?
-10010101110101110001
In base 14, what is -c1d7 + -a22?
-cc19
In base 5, what is 112 + 103433234?
103433401
In base 5, what is -10 + -133422324213?
-133422324223
In base 7, what is -165210 - 10136?
-205346
In base 7, what is -213 - 4435502?
-4436015
In base 6, what is -54240 - 205223?
-303503
In base 2, what is -11000101110110110000011 + 110?
-11000101110110101111101
In base 15, what is -7 - -137178?
137171
In base 13, what is -536508 + 1a?
-5364bb
In base 16, what is 3a + a320c6?
a32100
In base 11, what is -3 + 2693244?
2693241
In base 16, what is -11db45f8 - 3?
-11db45fb
In base 5, what is 44313 + 24230324?
24330142
In base 3, what is 1000121 - -212002202202?
212010210100
In base 12, what is -9b5186 - 110?
-9b5296
In base 4, what is -32302132 - 1132012?
-100100210
In base 12, what is -a77476 - 7?
-a77481
In base 8, what is 3173 + 370?
3563
In base 15, what is -7c6e03e + 4?
-7c6e03a
In base 13, what is -103b0693 - -4?
-103b068c
In base 3, what is 1221 - -202012111120201?
202012111122122
In base 7, what is 13 + -33635141?
-33635125
In base 11, what is -4 + 5130a49?
5130a45
In base 2, what is 11101010110111110111000110111 + 0?
11101010110111110111000110111
In base 6, what is -145431 + -420054?
-1005525
In base 4, what is -1211223 + -120210220?
-122022103
In base 2, what is -1001100000110001111101110 - -1011?
-1001100000110001111100011
In base 11, what is 274 - a2aa1?
-a2828
In base 11, what is -1409859 + 193?
-1409676
In base 5, what is 332222442 - -14?
332223011
In base 12, what is 733 - 12883?
-12150
In base 8, what is 7 - 21553376?
-21553367
In base 13, what is -5c - -372633?
3725a4
In base 7, what is -2 + 23510153?
23510151
In base 15, what is -1042a - -d23?
-e607
In base 12, what is 41 + -3a3408b?
-3a3404a
In base 16, what is -2e6b17e + -3?
-2e6b181
In base 4, what is 12 - 13120002032?
-13120002020
In base 3, what is -22100110221 + -1110?
-22100112101
In base 2, what is -1 - -1101100101100101011101?
1101100101100101011100
In base 16, what is 645 + -7fb8?
-7973
In base 15, what is b4cb - dc?
b3de
In base 12, what is -1596 - -10969?
b393
In base 10, what is -357883 + 129?
-357754
In base 9, what is 82 - 1151742?
-1151650
In base 16, what is 3 - -36479ef?
36479f2
In base 3, what is 100210212201 - -11002?
100211000210
In base 9, what is -7233734 - 1?
-7233735
In base 4, what is -12203032001022 - 2?
-12203032001030
In base 15, what is -5 - -b8347?
b8342
In base 10, what is -67 - -682366?
682299
In base 13, what is -18ba52c - 10?
-18ba53c
In base 8, what is 3 - 21571221?
-21571216
In base 3, what is 12121000 + 21020022?
110211022
In base 5, what is 4 + -13140100?
-13140041
In base 13, what is -56b - -1aa72?
1a504
In base 2, what is -1000000000011111001 + -111010001?
-1000000001011001010
In base 15, what is -4dd + a83a1?
a7db3
In base 16, what is 43c + bdd?
1019
In base 6, what is 34315 - -1?
34320
In base 7, what is 461450 + 22105?
513555
In base 6, what is -12251 - 525533?
-542224
In base 7, what is 34242340202 + 0?
34242340202
In base 8, what is -1 + 2664466372?
2664466371
In base 8, what is -1421 - -11334?
7713
In base 5, what is 14 - 4432042?
-4432023
In base 5, what is -1 + 120031103?
120031102
In base 16, what is -5 - d70ad8?
-d70add
In base 9, what is 13666 + 3034?
16711
In base 8, what is -3231477351 - -3?
-3231477346
In base 4, what is 2 - 1003121000?
-1003120332
In base 10, what is -861552 + -2?
-861554
In base 5, what is -1111001 + 22?
-1110424
In base 4, what is -2311 + -20002123003?
-20002131320
In base 3, what is -22001 - -21110200200?
21110101122
In base 11, what is 1 + -a9a90?
-a9a8a
In base 11, what is -1 - 8807218?
-8807219
In base 7, what is 2546145253 + 4?
2546145260
In base 16, what is 2e1b2 + 216?
2e3c8
In base 16, what is 1 - -d97824?
d97825
In base 9, what is 1055 + 32380?
33445
In base 10, what is 60 + 54232?
54292
In base 4, what is 2310 - 23032113031?
-23032110121
In base 4, what is -200131033033 - -11?
-200131033022
In base 13, what is -395 + -572c?
-5ac4
In base 6, what is -2 + -122313302?
-122313304
In base 14, what is -26238c - 9?
-262397
In base 9, what is 3348 + -4631?
-1272
In base 12, what is -b0 + -110a09b?
-110a18b
In base 16, what is 8066e4 - 2?
8066e2
In base 4, what is 332322013221 + -11?
332322013210
In base 7, what is 3245426 + 1420?
3250146
In base 2, what is 1110100001011001101 + -1110011?
1110100001001011010
In base 8, what is 124547072 - 25?
124547045
In base 8, what is 50402 - -1611?
52213
In base 14, what is -2b52b6 + -75?
-2b534b
In base 12, what is -7 - 11624a0?
-11624a7
In base 6, what is -304014323 + 3?
-304014320
In base 15, what is 4 - -a3426?
a342a
In base 16, what is ae64398 + -4?
ae64394
In base 3, what is -1201121220212110 + -10?
-1201121220212120
In base 10, what is 4 + -35530978?
-35530974
In base 8, what is -3727 - -31424?
25475
In base 9, what is -3020 + -2173?
-5203
In base 2, what is 11110111100011101111 + 1001111?
11110111100100111110
In base 3, what is 1220202111 + -101022?
1220101012
In base 8, what is 17 - -275122?
275141
In base 3, what is -21121220101022111 - 10?
-21121220101022121
In base 15, what is -2c3de8 - -2?
-2c3de6
In base 13, what is 774 + -bb3c0?
-ba949
In base 12, what is -12 - 3928b?
-392a1
In base 4, what is -22302023 - -10100?
-22231323
In base 2, what is -101111101000 + -1110001001011?
-10100000110011
In base 12, what is -27 - -936837?
936810
In base 10, what is -844494 - -6?
-844488
In base 5, what is -1 - -2413211103?
2413211102
In base 4, what is -20330223131233 - 2?
-20330223131301
In base 6, what is -3303 - -14040005?
14032302
In base 8, what is -2072543 - 1223?
-2073766
In base 14, what is 1 - -8bd002?
8bd003
In base 14, what is b2 - -1d256?
1d328
In base 3, what is 120 + -202110212122?
-202110212002
In base 3, what is -11012111110 - -1101100?
-11011010010
In base 15, what is -69541 - -a3d?
-68a03
In base 12, what is -42b6 - -7968?
3672
In base 7, what is 53652405 + -5?
53652400
In base 6, what is 24135534 + -1021?
24134513
In base 8, what is -35367055 + 46?
-35367007
In base 2, what is -10001111000 + -1000110001011000?
-1001000011010000
In base 6, what is 121113344 - 134?
121113210
In base 5, what is -1430412113410 - 2?
-1430412113412
In base 3, what is 211022112 - -10222021?
222021210
In base 13, what is c3 + -6a920?
-6a82a
In base 15, what is 14d2 - -e4c5?
109a7
In base 16, what is -1b0 - 1673?
-1823
In base 13, what is -b629 - -42?
-b5b7
In base 12, what is -992 + 3687?
28b5
In base 2, what is 101 - 110101101000100000111?
-110101101000100000010
In base 16, what is -1f3 + 1908c?
18e99
In base 5, what is -141 - -340044022?
340043331
In base 10, what is 4 + -2057218?
-2057214
In base 10, what is -77621 + -8886?
-86507
In base 8, what is 3 + -227024773?
-227024770
In base 11, what is -29800a0 - 2?
-29800a2
In base 8, what is 2403 + 335442?
340045
In base 2, what is -10010 + 100000100011111100011?
100000100011111010001
In base 15, what is -4 + -8795c9?
-8795cd
In base 14, what is -231ad4 + 2?
-231ad2
In base 4, what is 232002 + 20013111?
20311113
In base 3, what is 1112221022121102 - -1001?
1112221022122110
In base 10, what is 126 - 603894?
-603768
In base 16, what is 4 - -6f15c?
6f160
In base 11, what is 1a0a99 - 20?
1a0a79
In base 12, what is -39b692 - -10?
-39b682
In base 13, what is -671a6 - 11?
-671b7
In base 2, what is 1010111001001011 - -11101001001?
1011010110010100
In base 16, what is -246 - 46f9e?
-471e4
In base 8, what is 3 + 15605053?
15605056
In base 6, what is 24500031 - 333?
24455254
In base 5, what is -2041 - 331200?
-333241
In ba